te a(l).
2
Let m(r) be the second derivative of r**3/6 + r. Suppose -3*t - 12 = -3*a, -a = -t - 5*a + 1. Give m(t).
-3
Let w(x) = 3 + 0*x**2 + x**2 + 2*x**3 - x - 6*x**3. Let r(p) = -12*p**3 + 2*p**2 - 3*p + 8. Let g(o) = 3*r(o) - 8*w(o). What is g(-1)?
3
Let t(q) = -q. Suppose -d + 5*d = -16. Calculate t(d).
4
Let l(s) = 3*s**2 - s**2 - 1 - 7*s**2 + 4*s**2 - 6*s. Let c(g) = -g**2 + 4*g - 5. Let w be c(4). What is l(w)?
4
Let x(q) be the second derivative of 5*q**4/12 + q**2/2 + 5*q. Calculate x(-1).
6
Suppose -5*u - 3*p = 29 + 3, 0 = 5*u + 4*p + 36. Let w(b) be the first derivative of b**2 + 5*b + 2. Let g be w(u). Let y(j) = -j**2 - 2*j - 4. Give y(g).
-7
Let d(l) = -l**2 + l + 3. Let x(s) = -s**2 - 5*s + 3. Let t = 10 + -15. Let k be x(t). What is d(k)?
-3
Suppose 2*w - 6 = -g, -3*w + 18 = g + 2*w. Let l(k) = k**3 + k**2 - k + 3. Let d(p) = -p + 1. Let h(x) = -4*d(x) + 2*l(x). Give h(g).
-10
Let o(b) be the second derivative of -b**5/20 + b**4/3 - 2*b**3/3 + b**2/2 + b. Let d be (8/10)/((-2)/(-20)). Let q = d + -5. What is o(q)?
-2
Let s(u) be the second derivative of 1/3*u**3 + u**2 - u + 0. Let l be 111/39 - (3 + (-123)/39). Give s(l).
8
Let w(p) = p + 1. Let z = -13 + 9. Determine w(z).
-3
Let q(o) = 3*o**2 - 3*o - 4. Let g(l) = l**2 + l + 1. Let c(i) = -2*g(i) + q(i). Give c(5).
-6
Let g(n) = 3*n - 5. Suppose 0 = m + 11 + 4. Let o = 19 + m. Determine g(o).
7
Let u(k) be the second derivative of 7*k**4/12 - 2*k**3/3 + 3*k**2/2 + 5*k. Let o(v) = -15*v**2 + 8*v - 6. Let n(c) = -6*o(c) - 13*u(c). Calculate n(2).
1
Let m(i) = -2*i**3 - 15*i**2 + 15*i - 5. Let u(w) = -w**3 - 7*w**2 + 7*w - 2. Let q(n) = -6*m(n) + 13*u(n). Let y be 1*5/(-25)*0. Give q(y).
4
Let d(n) = n**3 + 7*n**2 + 6*n - 6. Suppose -3*l + 13 = 2*t - 6, 2*t - l = 7. Suppose -g + 36 = -5*g + 3*j, 2 = 3*g + t*j. Give d(g).
-6
Let x(h) = 0 - h + 2 + h**2 + 4*h. Let y(n) = n**3 + 5*n**2 - n - 7. Let z be y(-5). What is x(z)?
0
Let p(q) be the first derivative of -q**4/4 - 4*q**3/3 + 5*q**2/2 + 3*q - 6. Let t be 26/(-1)*(-1)/2. Suppose 2*g = -g - 2*x - t, -x = -1. What is p(g)?
3
Let y(m) = -2*m**3 + 11*m + 3*m**3 + 12*m + 11 - 22*m. Calculate y(0).
11
Let u(d) be the second derivative of d**4/12 - 7*d**3/6 - 12*d + 2. Calculate u(6).
-6
Let j(b) = -5*b + 6 - b**2 + 0*b + 0*b**2. Let t(w) = -6*w. Let l be t(1). Let s be j(l). Let p(c) = c - 8. Determine p(s).
-8
Let t(c) = 7*c + 11*c - 1 + 8*c - 32*c. Give t(-5).
29
Let s be ((-2)/4)/((-1)/4). Suppose -a - s = -2*a. Let c(i) be the second derivative of -2*i**3/3 + 3*i**2/2 + 2*i. Give c(a).
-5
Let t(b) = -113 + 109 - 11*b + 9*b. Determine t(-4).
4
Let o(w) be the second derivative of -w**5/20 + w**4/3 - w**2 + w. Let s be o(4). Let d(c) = -27 + 13 + 15 + 5*c. Give d(s).
-9
Let s(o) = 17*o**3 - o. Let y be s(-1). Let i(k) = -k**2 - 17*k + 24. Let t be i(-19). Let p be y/7 + (-4)/t. Let m(z) = -3*z - 2. Give m(p).
4
Let u(h) be the second derivative of 5/2*h**2 - 5/12*h**4 - 1/6*h**3 - 1/20*h**5 + 3*h + 0. Determine u(-5).
10
Let q(m) be the third derivative of m**6/120 + m**5/20 - m**4/6 - 8*m**2. Determine q(-4).
0
Let y be (-7)/(21/6) + 3. Let u = 3 - y. Let d(p) = -p**3 - p**2 - 2*p - 1 - p**u + 2*p. What is d(-3)?
8
Let i be ((-1)/2)/(2/(-12)). Suppose 0*u + u - 11 = -2*w, 2 = w - i*u. Let a(q) be the second derivative of q**3/3 - 2*q**2 + q. Give a(w).
6
Let r(i) = 7*i**2 - 10*i**3 + 3*i**3 + 9*i + 7 + 8*i**3. Give r(-6).
-11
Let c(m) = m**3 + 7*m**2 - m - 10. Suppose 3*r - o - 6 = 0, -6*r = -r - 5*o. Suppose g - 15 - r = 3*k, 5*g + 29 = -2*k. Calculate c(k).
-3
Let g(z) = -17*z - 1. Suppose d + 3*q = -13, -d - 5*q - 17 = -q. Let p be g(d). Let s = -11 + p. Let t(x) = -x**2 + 5*x - 2. Calculate t(s).
-2
Let d(h) = h - 4. Let v be d(7). Suppose -2*o + v = o. Let b(q) be the second derivative of -q**3/3 - q**2/2 + 3*q. Give b(o).
-3
Let g(h) = 5*h - 1. Let q(a) = 21*a - 3. Let z(r) = 9*g(r) - 2*q(r). Determine z(4).
9
Let u(h) = -h + h - 9 - h. Let s be u(-7). Let v(a) = -2*a - 1. Calculate v(s).
3
Let x(y) = -y**2 + y. Let h be (-34)/6 - (-1)/(-3). Let q be (-15)/h*24/20. Determine x(q).
-6
Let t = 0 + 5. Let z(h) = 2*h - 1 + 0 - 2. Calculate z(t).
7
Let o(k) = -k + 2. Suppose 0 = -3*s + 5*s - 12. Let z be o(s). Let w(b) = b + 1. Give w(z).
-3
Let d = 35 + -34. Let t(z) be the first derivative of -2*z**2 + z - d - 1/3*z**3. What is t(-3)?
4
Let a(t) = t**2 - 5*t - 8. Suppose 21 = 3*q - 15. Suppose -3*f - 3*d + q = 0, 5*d - 8 = 3*f - 6*f. Calculate a(f).
-2
Let d(p) be the third derivative of -p**6/120 + 7*p**5/60 - 7*p**4/24 - p**3/3 - 7*p**2 - p. Let o be (-4)/(-6) - (-16)/3. Give d(o).
-8
Let w(u) = 0*u**2 - 2*u**2 + u + 6*u**2 - 3*u**2. Let c = -6 + 5. Give w(c).
0
Let l(t) = t**2 + 8*t + 4. Let j(b) = 4*b**2 + 33*b + 16. Let p(y) = -2*j(y) + 9*l(y). Calculate p(-6).
4
Let r(h) = h**2 - 1 - h - 15*h**3 + 15*h**3 + 8*h**3. Suppose 3*g = -1 - 2. Calculate r(g).
-7
Let g(p) be the second derivative of -p**6/120 - p**5/30 - p**4/12 - p**3/6 + p. Let j(c) be the second derivative of g(c). Calculate j(-2).
-6
Let g(v) be the second derivative of -1/6*v**4 - 1/2*v**2 - 2*v - 1/2*v**3 + 0. Let u(w) = w**2 - 2*w - 5. Let c be u(3). Give g(c).
-3
Let v(u) = u - 18. Let z(h) = -1. Let p(c) = -v(c) + 6*z(c). What is p(5)?
7
Suppose 4*t + t - 15 = 0. Let m be (t/(-2))/((-27)/(-468)). Let d be m/6 + (-4)/6. Let n(y) = y**2 + 6*y - 7. Determine n(d).
-12
Let n = -11 + 8. Let t(r) = r**3 + 3*r**2 + r - 4. Give t(n).
-7
Let m(o) = o**3 - 7*o**2 + 7*o + 6. Let c(p) = 3*p - 3. Let x be c(3). Determine m(x).
12
Suppose -2*a + 5 = -5. Suppose 5*i - 5 - 5 = 0. Let d(r) = 5*r - 1 + r + r - r**i. What is d(a)?
9
Let o(k) be the first derivative of -k**6/120 + k**5/60 + k**4/24 - 3*k**2/2 + 2. Let r(n) be the second derivative of o(n). What is r(0)?
0
Let o(r) be the third derivative of r**4/24 - r**3/2 + 22*r**2. Give o(0).
-3
Let j = -8 + 28. Let q be (-2)/(-5) - (-32)/j. Let o(v) = 2*v - q*v + 0*v - 3 - 2*v. Determine o(-2).
1
Suppose 8 = 3*f + 2. Suppose -4*y + 8*y = -3*o - 6, 16 = 2*o - 4*y. Let a(b) = o - f*b - 1 + 1. What is a(5)?
-8
Suppose 0 = -6*j - 19 + 49. Let s(v) = v**2 - 4*v - 1. Calculate s(j).
4
Let n(d) = 5*d - 10 - d**2 + 6 + 3. What is n(2)?
5
Let s(d) = -2*d - 2. Suppose 4*i + 66 = -f, i = 6*f - 2*f - 25. Let t = -13 - i. What is s(t)?
-10
Let c(b) = -2*b - 13. Suppose -5*g - 18 = -3*g. Give c(g).
5
Let w(h) = -h**2 + 4*h + 6. Let d be w(5). Let a(x) be the second derivative of -5*x**4/12 + x**3/3 - x**2/2 + 2*x + 31. What is a(d)?
-4
Let p(w) be the third derivative of w**2 - 1/4*w**4 - 5/6*w**3 - 1/60*w**5 + 0 + 0*w. Give p(-4).
3
Let j(n) = -6*n**2 - 7*n + 5*n**2 - 5 + 1 + 1. Determine j(-7).
-3
Let f(b) = -3*b - 6 - 5*b + 4*b - b - b**2. What is f(-5)?
-6
Let q = 3 + 0. Let u(d) = -3*d**2 - q*d**2 + 5*d**2 + 1 - d**3. Calculate u(1).
-1
Let i(r) = r**2 + r - 1. Suppose -3*m = -2 - 7. Suppose a = -m*a. Suppose -2*s + 0*s = a. Give i(s).
-1
Suppose 3*f - 30 = -3*h, 3*h - 9 = -0*h + 4*f. Let j(c) = -c**2 + 8*c - 6. Determine j(h).
1
Let q(y) = -3*y**3 + 7*y**3 - 3*y**3 + 3*y**2 - 2*y. What is q(-2)?
8
Let c(y) be the second derivative of y**4/6 - y**3 + y**2 + 2*y. Let k(o) = 4*o - 4. Let m be k(2). Calculate c(m).
10
Suppose 14 = 3*b - b. Let u(y) = 13*y - 5. Let d(z) = -7*z + 3. Let s(r) = b*d(r) + 4*u(r). What is s(-3)?
-8
Let x = -13 + 10. Let u(b) = -b**2 - 5*b. Give u(x).
6
Suppose 18 = -14*a + 11*a. Let h(s) = s**2 + 4*s - 5. Calculate h(a).
7
Let i(t) be the second derivative of -2*t + 1/12*t**4 + 0 + 5/6*t**3 - 3/2*t**2. Let d = -7 - -3. What is i(d)?
-7
Let f(l) = -l**2 - 3*l + 4. Let g(a) = -a**3 + 6*a**2 + 7*a - 5. Let n be g(7). What is f(n)?
-6
Let s be (-24)/18*(-9)/4. Let g be ((-2)/(-6))/(9/81). Let r(w) = 0*w + 2*w**2 + 2 + g*w**2 - 4*w**2 - 2*w. Calculate r(s).
5
Let u be (6/4)/(((-6)/(-12))/1). Let o(c) = c**3 - 3*c**2 - 2*c - 1. What is o(u)?
-7
Let z = 5 + -9. Let h(u) = 3*u - 7. Let m(n) be the first derivative of 5*n**2/2 - 13*n + 1. Let a(d) = z*m(d) + 7*h(d). What is a(-4)?
-1
Let s(d) = 2*d + 1. Let c be (5 + -8)/(2/4). Give s(c).
-11
Suppose 0 = 2*d + 3*d - 20. Suppose w + d*w - 40 = 0. Let f = -5 + w. Let k(g) = -g**2 + 3*g + 3. Determine k(f).
3
Let j(r) = r**2 + 2. Let g be j(2). Let v(q) = q